{"id":570,"date":"2021-04-23T14:18:04","date_gmt":"2021-04-23T12:18:04","guid":{"rendered":"http:\/\/resperance.fr\/?page_id=570"},"modified":"2025-01-28T16:02:02","modified_gmt":"2025-01-28T15:02:02","slug":"resperance-67","status":"publish","type":"page","link":"https:\/\/resperance.fr\/index.php\/resperance-67\/","title":{"rendered":"RESPERANCE 67"},"content":{"rendered":"\n<div class=\"wp-block-image\"><figure class=\"aligncenter size-large\"><img loading=\"lazy\" width=\"600\" height=\"400\" src=\"http:\/\/resperance.fr\/wp-content\/uploads\/2021\/04\/pic-1-resp67.jpg\" alt=\"\" class=\"wp-image-427\" srcset=\"https:\/\/resperance.fr\/wp-content\/uploads\/2021\/04\/pic-1-resp67.jpg 600w, https:\/\/resperance.fr\/wp-content\/uploads\/2021\/04\/pic-1-resp67-300x200.jpg 300w\" sizes=\"(max-width: 600px) 100vw, 600px\" \/><\/figure><\/div>\n\n\n\n<p><strong>RESPERANCE 67 est une nouvelle antenne de l&rsquo;association RESPERANCE Lorraine et est bas\u00e9e en Alsace \u00e0 BISCHWILLER. <\/strong><\/p>\n\n\n\n<p><strong>Resp\u00e9rance 67 est une association de droit local \u00e0 but non lucratif.&nbsp;<\/strong><\/p>\n\n\n\n<p><strong>Son but est&nbsp;<\/strong><\/p>\n\n\n\n<ul><li>D\u2019accompagner les enfants et les jeunes en contribuant \u00e0 leurs d\u00e9veloppements physique, intellectuel et \u00e9motionnel par des moyens et des supports ludiques en particulier dans le respect des croyances de chacun.&nbsp;<\/li><li>De mener un travail de pr\u00e9vention sociale et de lutte contre la violence physique et verbale.<\/li><li>De rejoindre les enfants ainsi que leur famille dans leurs pr\u00e9occupations et leur quotidien.<\/li><li>De transmettre des valeurs essentielles telle que confiance, respect, pardon ou encore entraide.&nbsp;<\/li><li>Ces actions seront en&nbsp; faveur&nbsp; de&nbsp; tous&nbsp; sans&nbsp; distinction&nbsp; d&rsquo;origine. Les animateurs se donneront la possibilit\u00e9 de travailler les relations avec les parents des participants mineurs aux activit\u00e9s de l\u2019association en organisant des activit\u00e9s socio-\u00e9ducatives et\/ou sportives et ainsi favoriser le lien familial, la pr\u00e9vention et l\u2019insertion sociale.&nbsp;<\/li><\/ul>\n\n\n\n<blockquote class=\"wp-block-quote\"><p><strong>Resp\u00e9rance 67 b\u00e9n\u00e9ficie pour son d\u00e9veloppement d\u2019une coordinatrice, Sarah Sch\u00f6pperl\u00e9, \u00e9quipier JPC FRANCE.<\/strong><\/p><\/blockquote>\n\n\n\n<figure class=\"wp-block-image size-large is-resized\"><img loading=\"lazy\" src=\"http:\/\/resperance.fr\/wp-content\/uploads\/2021\/04\/image.png\" alt=\"\" class=\"wp-image-572\" width=\"218\" height=\"222\" srcset=\"https:\/\/resperance.fr\/wp-content\/uploads\/2021\/04\/image.png 416w, https:\/\/resperance.fr\/wp-content\/uploads\/2021\/04\/image-295x300.png 295w\" sizes=\"(max-width: 218px) 100vw, 218px\" \/><\/figure>\n\n\n\n<blockquote class=\"wp-block-quote\"><p><strong>POURQUOI AVOIR IMPLANTER UNE ANTENNE RESPERANCE \u00e0 BISCHWILLER en ALSACE ? <\/strong><\/p><\/blockquote>\n\n\n\n<div class=\"wp-block-group\"><div class=\"wp-block-group__inner-container\">\n<p class=\"has-text-align-center\">Bischwiller, ville de 13000 habitants en Alsace du Nord, est situ\u00e9e \u00e0 25min de Strasbourg et 10min de Haguenau. Dans le Quartier Politique de la Ville (QPV), <strong>nous avons \u00e0 coeur d\u2019apporter un soutien et de tisser des liens entre les habitants tout en essayant de r\u00e9pondre aux besoins de la cit\u00e9<\/strong>. Le QPV se caract\u00e9rise principalement par un niveau socio-\u00e9conomique faible, une ob\u00e9sit\u00e9 infantile importante et un taux d\u2019addictions diverses en plein essor (alcool, \u00e9crans,\u2026). La majorit\u00e9 des jeunes pr\u00e9sente un faible taux de scolarisation et le taux de ch\u00f4mage de ces derniers est le plus \u00e9lev\u00e9 de toute l\u2019Alsace. En collaboration avec les diverses structures sociales et les autorit\u00e9s locales qui nous tendent d\u00e9j\u00e0 leurs bras , nous croyons que \u00ab Resp\u00e9rance 67 \u00bb \u00e0 un r\u00f4le \u00e0 jouer mais surtout un Message d\u2019amour, de respect et d&rsquo;esp\u00e9rance \u00e0 partager au(x) coeur(s) de Bischwiller. Si vous voulez rejoindre cette belle aventure humaine ! Contactez-nous !&nbsp;<\/p>\n<\/div><\/div>\n\n\n\n<figure class=\"wp-block-image size-large\"><img loading=\"lazy\" width=\"1024\" height=\"367\" src=\"http:\/\/resperance.fr\/wp-content\/uploads\/2025\/01\/IMG_4882-1024x367.jpeg\" alt=\"\" class=\"wp-image-799\" srcset=\"https:\/\/resperance.fr\/wp-content\/uploads\/2025\/01\/IMG_4882-1024x367.jpeg 1024w, https:\/\/resperance.fr\/wp-content\/uploads\/2025\/01\/IMG_4882-300x108.jpeg 300w, https:\/\/resperance.fr\/wp-content\/uploads\/2025\/01\/IMG_4882-768x276.jpeg 768w, https:\/\/resperance.fr\/wp-content\/uploads\/2025\/01\/IMG_4882-1536x551.jpeg 1536w, https:\/\/resperance.fr\/wp-content\/uploads\/2025\/01\/IMG_4882-2048x735.jpeg 2048w\" sizes=\"(max-width: 1024px) 100vw, 1024px\" \/><\/figure>\n\n\n\n<blockquote class=\"wp-block-quote\"><p><strong>L\u2019OASIS, 11 rue fran\u00e7aise \u00e0 Bischwiller&#8230; Un local, une pr\u00e9sence, des actions concr\u00e8tes <\/strong>!<\/p><p><br>\ud83c\udf1f Espace Parent-Enfant : Ouvert \u00e0 tous, anonyme et sans inscription, ce lieu chaleureux accueille les parents trois fois par semaine. Il offre un espace de d\u00e9tente, d\u2019\u00e9change et d\u2019\u00e9coute, o\u00f9 chacun peut partager ses exp\u00e9riences et trouver des conseils bienveillants pour mieux accompagner ses enfants au quotidien.<\/p><p><br>\ud83d\udcda Soutien Scolaire : Des b\u00e9n\u00e9voles d\u00e9vou\u00e9s accompagnent les enfants dans leur parcours scolaire. L\u2019objectif est de leur offrir une aide personnalis\u00e9e, renforcer leur confiance en eux et favoriser leur r\u00e9ussite \u00e9ducative.<\/p><p><br>\ud83d\udc76 V\u00eatith\u00e8que : Ce service gratuit propose le pr\u00eat de v\u00eatements pour enfants de 0 \u00e0 3 ans, une solution pr\u00e9cieuse pour all\u00e9ger les d\u00e9penses des familles \u00e0 faibles revenus.<\/p><p><br>\ud83d\udc57 Friperie Relook &amp; Aide : Une boutique solidaire proposant des v\u00eatements de seconde main \u00e0 petits prix pour toute la famille. En plus d\u2019encourager une consommation responsable, les ventes permettent de financer nos activit\u00e9s sociales et \u00e9ducatives.<\/p><\/blockquote>\n\n\n\n<p>HORAIRES et infos sur nos pages instagram et facebook. Retrouvez \u00e9galement sur TikTok notre page d\u00e9di\u00e9e uniquement \u00e0 la friperie Relook&amp;Aide <\/p>\n\n\n\n<ul class=\"wp-block-social-links\"><li class=\"wp-social-link wp-social-link-instagram wp-block-social-link\"><a href=\"http:\/\/Instagram.com\/resperance67\" aria-label=\"Instagram\"  class=\"wp-block-social-link-anchor\"> <svg width=\"24\" height=\"24\" viewBox=\"0 0 24 24\" version=\"1.1\" xmlns=\"http:\/\/www.w3.org\/2000\/svg\" role=\"img\" aria-hidden=\"true\" focusable=\"false\"><path d=\"M12,4.622c2.403,0,2.688,0.009,3.637,0.052c0.877,0.04,1.354,0.187,1.671,0.31c0.42,0.163,0.72,0.358,1.035,0.673 c0.315,0.315,0.51,0.615,0.673,1.035c0.123,0.317,0.27,0.794,0.31,1.671c0.043,0.949,0.052,1.234,0.052,3.637 s-0.009,2.688-0.052,3.637c-0.04,0.877-0.187,1.354-0.31,1.671c-0.163,0.42-0.358,0.72-0.673,1.035 c-0.315,0.315-0.615,0.51-1.035,0.673c-0.317,0.123-0.794,0.27-1.671,0.31c-0.949,0.043-1.233,0.052-3.637,0.052 s-2.688-0.009-3.637-0.052c-0.877-0.04-1.354-0.187-1.671-0.31c-0.42-0.163-0.72-0.358-1.035-0.673 c-0.315-0.315-0.51-0.615-0.673-1.035c-0.123-0.317-0.27-0.794-0.31-1.671C4.631,14.688,4.622,14.403,4.622,12 s0.009-2.688,0.052-3.637c0.04-0.877,0.187-1.354,0.31-1.671c0.163-0.42,0.358-0.72,0.673-1.035 c0.315-0.315,0.615-0.51,1.035-0.673c0.317-0.123,0.794-0.27,1.671-0.31C9.312,4.631,9.597,4.622,12,4.622 M12,3 C9.556,3,9.249,3.01,8.289,3.054C7.331,3.098,6.677,3.25,6.105,3.472C5.513,3.702,5.011,4.01,4.511,4.511 c-0.5,0.5-0.808,1.002-1.038,1.594C3.25,6.677,3.098,7.331,3.054,8.289C3.01,9.249,3,9.556,3,12c0,2.444,0.01,2.751,0.054,3.711 c0.044,0.958,0.196,1.612,0.418,2.185c0.23,0.592,0.538,1.094,1.038,1.594c0.5,0.5,1.002,0.808,1.594,1.038 c0.572,0.222,1.227,0.375,2.185,0.418C9.249,20.99,9.556,21,12,21s2.751-0.01,3.711-0.054c0.958-0.044,1.612-0.196,2.185-0.418 c0.592-0.23,1.094-0.538,1.594-1.038c0.5-0.5,0.808-1.002,1.038-1.594c0.222-0.572,0.375-1.227,0.418-2.185 C20.99,14.751,21,14.444,21,12s-0.01-2.751-0.054-3.711c-0.044-0.958-0.196-1.612-0.418-2.185c-0.23-0.592-0.538-1.094-1.038-1.594 c-0.5-0.5-1.002-0.808-1.594-1.038c-0.572-0.222-1.227-0.375-2.185-0.418C14.751,3.01,14.444,3,12,3L12,3z M12,7.378 c-2.552,0-4.622,2.069-4.622,4.622S9.448,16.622,12,16.622s4.622-2.069,4.622-4.622S14.552,7.378,12,7.378z M12,15 c-1.657,0-3-1.343-3-3s1.343-3,3-3s3,1.343,3,3S13.657,15,12,15z M16.804,6.116c-0.596,0-1.08,0.484-1.08,1.08 s0.484,1.08,1.08,1.08c0.596,0,1.08-0.484,1.08-1.08S17.401,6.116,16.804,6.116z\"><\/path><\/svg><\/a><\/li>\n\n<li class=\"wp-social-link wp-social-link-facebook wp-block-social-link\"><a href=\"http:\/\/Facebook.com\/resperance67\" aria-label=\"Facebook\"  class=\"wp-block-social-link-anchor\"> <svg width=\"24\" height=\"24\" viewBox=\"0 0 24 24\" version=\"1.1\" xmlns=\"http:\/\/www.w3.org\/2000\/svg\" role=\"img\" aria-hidden=\"true\" focusable=\"false\"><path d=\"M12 2C6.5 2 2 6.5 2 12c0 5 3.7 9.1 8.4 9.9v-7H7.9V12h2.5V9.8c0-2.5 1.5-3.9 3.8-3.9 1.1 0 2.2.2 2.2.2v2.5h-1.3c-1.2 0-1.6.8-1.6 1.6V12h2.8l-.4 2.9h-2.3v7C18.3 21.1 22 17 22 12c0-5.5-4.5-10-10-10z\"><\/path><\/svg><\/a><\/li>\n\n<li class=\"wp-social-link wp-social-link-tiktok wp-block-social-link\"><a href=\"https:\/\/www.tiktok.com\/@friperie_relook_aide?_t=ZN-8tRh4PqmMhq&#038;_r=1\" aria-label=\"TikTok\"  class=\"wp-block-social-link-anchor\"> <svg width=\"24\" height=\"24\" viewBox=\"0 0 32 32\" version=\"1.1\" xmlns=\"http:\/\/www.w3.org\/2000\/svg\" role=\"img\" aria-hidden=\"true\" focusable=\"false\"><path d=\"M16.708 0.027c1.745-0.027 3.48-0.011 5.213-0.027 0.105 2.041 0.839 4.12 2.333 5.563 1.491 1.479 3.6 2.156 5.652 2.385v5.369c-1.923-0.063-3.855-0.463-5.6-1.291-0.76-0.344-1.468-0.787-2.161-1.24-0.009 3.896 0.016 7.787-0.025 11.667-0.104 1.864-0.719 3.719-1.803 5.255-1.744 2.557-4.771 4.224-7.88 4.276-1.907 0.109-3.812-0.411-5.437-1.369-2.693-1.588-4.588-4.495-4.864-7.615-0.032-0.667-0.043-1.333-0.016-1.984 0.24-2.537 1.495-4.964 3.443-6.615 2.208-1.923 5.301-2.839 8.197-2.297 0.027 1.975-0.052 3.948-0.052 5.923-1.323-0.428-2.869-0.308-4.025 0.495-0.844 0.547-1.485 1.385-1.819 2.333-0.276 0.676-0.197 1.427-0.181 2.145 0.317 2.188 2.421 4.027 4.667 3.828 1.489-0.016 2.916-0.88 3.692-2.145 0.251-0.443 0.532-0.896 0.547-1.417 0.131-2.385 0.079-4.76 0.095-7.145 0.011-5.375-0.016-10.735 0.025-16.093z\" \/><\/svg><\/a><\/li><\/ul>\n\n\n\n<figure class=\"wp-block-gallery columns-1 is-cropped\"><ul class=\"blocks-gallery-grid\"><li class=\"blocks-gallery-item\"><figure><img loading=\"lazy\" width=\"1024\" height=\"390\" src=\"http:\/\/resperance.fr\/wp-content\/uploads\/2025\/01\/IMG_2926-1024x390.jpeg\" alt=\"\" data-id=\"791\" data-full-url=\"http:\/\/resperance.fr\/wp-content\/uploads\/2025\/01\/IMG_2926.jpeg\" data-link=\"http:\/\/resperance.fr\/index.php\/resperance-67\/img_2926\/\" class=\"wp-image-791\" srcset=\"https:\/\/resperance.fr\/wp-content\/uploads\/2025\/01\/IMG_2926-1024x390.jpeg 1024w, https:\/\/resperance.fr\/wp-content\/uploads\/2025\/01\/IMG_2926-300x114.jpeg 300w, https:\/\/resperance.fr\/wp-content\/uploads\/2025\/01\/IMG_2926-768x292.jpeg 768w, https:\/\/resperance.fr\/wp-content\/uploads\/2025\/01\/IMG_2926.jpeg 1229w\" sizes=\"(max-width: 1024px) 100vw, 1024px\" \/><\/figure><\/li><\/ul><\/figure>\n\n\n\n<p>Pour plus de renseignements contactez Sarah \u00e0 <a href=\"mailto:sarahs@jpcfrance.com\">sarahs@jpcfrance.com<\/a>&nbsp;<\/p>\n","protected":false},"excerpt":{"rendered":"<p>RESPERANCE 67 est une nouvelle antenne de l&rsquo;association RESPERANCE Lorraine et est bas\u00e9e en Alsace \u00e0 BISCHWILLER. Resp\u00e9rance 67 est une association de droit local \u00e0 but non lucratif.&nbsp; Son [&hellip;]<\/p>\n","protected":false},"author":1,"featured_media":427,"parent":0,"menu_order":0,"comment_status":"closed","ping_status":"closed","template":"page-templates\/template-shop.php","meta":[],"_links":{"self":[{"href":"https:\/\/resperance.fr\/index.php\/wp-json\/wp\/v2\/pages\/570"}],"collection":[{"href":"https:\/\/resperance.fr\/index.php\/wp-json\/wp\/v2\/pages"}],"about":[{"href":"https:\/\/resperance.fr\/index.php\/wp-json\/wp\/v2\/types\/page"}],"author":[{"embeddable":true,"href":"https:\/\/resperance.fr\/index.php\/wp-json\/wp\/v2\/users\/1"}],"replies":[{"embeddable":true,"href":"https:\/\/resperance.fr\/index.php\/wp-json\/wp\/v2\/comments?post=570"}],"version-history":[{"count":3,"href":"https:\/\/resperance.fr\/index.php\/wp-json\/wp\/v2\/pages\/570\/revisions"}],"predecessor-version":[{"id":800,"href":"https:\/\/resperance.fr\/index.php\/wp-json\/wp\/v2\/pages\/570\/revisions\/800"}],"wp:featuredmedia":[{"embeddable":true,"href":"https:\/\/resperance.fr\/index.php\/wp-json\/wp\/v2\/media\/427"}],"wp:attachment":[{"href":"https:\/\/resperance.fr\/index.php\/wp-json\/wp\/v2\/media?parent=570"}],"curies":[{"name":"wp","href":"https:\/\/api.w.org\/{rel}","templated":true}]}}