{"id":2,"date":"2021-04-21T22:57:13","date_gmt":"2021-04-21T20:57:13","guid":{"rendered":"http:\/\/resperance.fr\/?page_id=2"},"modified":"2021-04-23T13:58:14","modified_gmt":"2021-04-23T11:58:14","slug":"resperance54","status":"publish","type":"page","link":"https:\/\/resperance.fr\/index.php\/resperance54\/","title":{"rendered":"RESPERANCE 54"},"content":{"rendered":"\n<p class=\"has-text-align-center\"><p><span style=\"font-size: inherit;\"> <\/span><strong><img loading=\"lazy\" width=\"300\" height=\"200\" class=\"alignnone size-medium wp-image-423\" src=\"http:\/\/resperance.fr\/wp-content\/uploads\/2021\/04\/pic-1-1-resp54-300x200.jpg\" alt=\"\" srcset=\"https:\/\/resperance.fr\/wp-content\/uploads\/2021\/04\/pic-1-1-resp54-300x200.jpg 300w, https:\/\/resperance.fr\/wp-content\/uploads\/2021\/04\/pic-1-1-resp54.jpg 600w\" sizes=\"(max-width: 300px) 100vw, 300px\" \/><\/strong><\/p><\/p>\n\n\n\n<p><\/p>\n\n\n\n<p class=\"has-text-align-left\"><p><strong>Resp\u00e9rance 54<\/strong> est une association socio-culturelle de<strong> VANDOEUVRE-L\u00c8S-NANCY<\/strong> \u00e0 but non lucratif qui accompagne des enfants et des jeunes, habitant dans des quartiers sensibles, dans leur d\u00e9veloppement intellectuel, physique et spirituel, dans le respect des croyances des uns des autres. <strong>Elle d\u00e9pend de JPC et de l\u2019Entente Evang\u00e9lique de Nancy et travaille en partenariat avec les associations de quartier, les \u00e9glises, la mairie et les bailleurs sociaux.\u00a0<\/strong><\/p><\/p>\n\n\n\n<p>Son but est<\/p>\n\n\n\n<ul><li>D\u2019accompagner les enfants et les jeunes en contribuant \u00e0 leurs d\u00e9veloppements physique, intellectuel et spirituel par des moyens et des supports ludiques en particulier dans le respect des croyances des uns et des autres.<\/li><li>De mener un travail de pr\u00e9vention sociale et de lutte contre les violences physique et verbale.<\/li><li>De rejoindre les enfants dans leurs pr\u00e9occupations et leur quotidien<\/li><li>De transmettre des valeurs essentielles telle que confiance, respect, pardon ou encore entraide.<\/li><\/ul>\n\n\n\n<blockquote class=\"wp-block-quote\"><p>Fort d&rsquo;une longue et reconnue exp\u00e9rience, Resp\u00e9rance 54 est pr\u00e9sent depuis plus de 20 ans aupr\u00e8s des habitants de Vand&rsquo;Est un quartier sensible de Vandoeuvre.<\/p><\/blockquote>\n\n\n\n<p><strong>La vision de Resp\u00e9rance est de rejoindre les jeunes et leurs familles l\u00e0 o\u00f9 ils sont et o\u00f9 ils en sont&nbsp;:&nbsp;<\/strong><\/p>\n\n\n\n<ul><li>Qu\u2019il y ait un lien fort avec \u00e9glise locale pour cr\u00e9er un lien avec des chr\u00e9tiens.&nbsp;<\/li><li>Que les chr\u00e9tiens sortent pour rejoindre les familles dans le quartier et que nos \u00e9glises puissent les accueillir.<\/li><\/ul>\n\n\n\n<blockquote class=\"wp-block-quote\"><p>Au fil des ann\u00e9es, les activit\u00e9s de l\u2019association se sont d\u00e9velopp\u00e9es et ont pu prendre diff\u00e9rentes formes. Actuellement, l\u2019association compte une vingtaine de b\u00e9n\u00e9voles pr\u00e9sents sur le terrain et engag\u00e9s dans un ou plusieurs projets d\u00e9taill\u00e9s ci-dessous.<\/p><\/blockquote>\n\n\n\n<p><strong>Activit\u00e9s dans les quartiers le mercredi et le samedi.&nbsp;<\/strong><\/p>\n\n\n\n<p>Des animations de rue pour les enfants de 4 \u00e0 12 ans sont propos\u00e9es hebdomadairement en int\u00e9rieur ou en ext\u00e9rieur. Elles ont pour but la sensibilisation aux valeurs chr\u00e9tiennes de vivre ensemble au travers d\u2019histoires, de sketchs, de bricolages, de jeux, du sport, des go\u00fbters, mais aussi d\u2019\u00e9v\u00e8nements sp\u00e9ciaux tels que des kermesses, des spectacles, des tournois de foot, du fleurissement du quartier etc. Ce temps d\u2019animation permet de d\u00e9velopper l\u2019esprit d\u2019\u00e9quipe, le respect de son environnement, des autres et des r\u00e8gles&nbsp; ainsi que les valeurs qui nous sont ch\u00e8res.&nbsp;<\/p>\n\n\n\n<p><strong>Soir\u00e9e Cali-gue des champions&nbsp;<\/strong><\/p>\n\n\n\n<p>Le projet est d\u2019organiser des soir\u00e9es conviviales et gratuites pour les jeunes du quartier de la Cali autour du visionnage de matchs de football de la ligue des champions. La soir\u00e9e s&rsquo;appelle donc la Cali-gue des champions en r\u00e9f\u00e9rence au nom du quartier et \u00e0 la comp\u00e9tition de football.<\/p>\n\n\n\n<p>Le but est de conna\u00eetre les jeunes du quartier de la Californie (\u00e0 Jarville) afin de mieux les accompagner \u00e0 s&rsquo;\u00e9panouir dans leur projet de vie et cr\u00e9er du lien entre les personnes du quartier dans un cadre convivial.&nbsp;<\/p>\n\n\n\n<p>Ce projet est parti du constat que, dans le quartier, la tranche d&rsquo;\u00e2ge des 18-25 ans est assez d\u00e9s\u0153uvr\u00e9e avec un fort taux de ch\u00f4mage et de nombreux jeunes zonent dans les halls d\u2019entr\u00e9e.<\/p>\n\n\n\n<p><strong>Soir\u00e9e super woman&nbsp;<\/strong><\/p>\n\n\n\n<p>Des soir\u00e9es pour les coll\u00e9giennes des quartiers sont organis\u00e9es une fois par mois avec une \u00e9quipe de b\u00e9n\u00e9voles, sur la base du programme \u00ab&nbsp;Superwoman&nbsp;\u00bb de YFCI. Ces soir\u00e9es ont lieu sur 2 ans avec un groupe d\u2019une douzaine de jeunes.&nbsp;<\/p>\n\n\n\n<p>Chaque soir\u00e9e comporte des temps de jeux, des repas, des activit\u00e9s cr\u00e9atives, des temps de discussion sur diff\u00e9rents th\u00e8mes en lien avec le quotidien et les int\u00e9r\u00eats des jeunes, et abord\u00e9s avec un \u00e9clairage biblique (image de soi, talents et soci\u00e9t\u00e9, environnement social, corps et sexualit\u00e9).&nbsp;<\/p>\n\n\n\n<p>Ces temps sont propices pour apprendre \u00e0 se conna\u00eetre et \u00e9changer, grandir, prendre soin de soi, d\u00e9velopper ses capacit\u00e9s, apprendre \u00e0 \u00eatre responsable et utiliser ses talents pour la soci\u00e9t\u00e9.&nbsp;<\/p>\n\n\n\n<p><strong>Soir\u00e9e Orange caf\u00e9<\/strong><\/p>\n\n\n\n<p>Ce projet concerne les adolescents de 12 \u00e0 17 ans. L\u2019objectif est de permettre aux ados de se retrouver pour parler de Dieu dans une ambiance conviviale, d\u00e9tendu<s>e<\/s> et fun. Les jeunes sont issus de diff\u00e9rentes \u00e9glises locales de Nancy et\/ou de Resperance et ces rencontres leur permettent de cr\u00e9er du lien bas\u00e9 sur des valeurs communes. Les soir\u00e9es \u00e9tant adapt\u00e9es et tourn\u00e9es vers la jeunesse (bowling, soir\u00e9e dans un bar privatis\u00e9, soir\u00e9e chez des particuliers), les adolescents profitent d\u2019inviter des copains, certains d\u00e9couvrent Christ&nbsp;! &nbsp;<\/p>\n\n\n\n<p><strong>Aide aux devoirs<\/strong><\/p>\n\n\n\n<p>Resperance propose, depuis peu, une aide aux devoirs \u00e0 certains enfants du quartier de Vand\u2019Est participant habituellement \u00e0 nos animations \u00e0 la Pagode les mercredis apr\u00e8s-midi. L\u2019objectif est de soutenir les enfants dans leurs apprentissages et de les aider \u00e0 d\u00e9passer leurs difficult\u00e9s scolaires.&nbsp;<\/p>\n\n\n\n<p><strong>S\u00e9jours de vacances&nbsp;<\/strong><\/p>\n\n\n\n<p>Des s\u00e9jours de vacances sont propos\u00e9s \u00e0 des jeunes du quartier sur les temps d\u2019\u00e9t\u00e9 gr\u00e2ce \u00e0 JPC et d\u2019une association chr\u00e9tienne locale proposant des s\u00e9jours.&nbsp;<\/p>\n\n\n\n<p><strong>Temps de cuisine avec les mamans&nbsp;<\/strong><\/p>\n\n\n\n<p>Plusieurs temps de cuisine dans l\u2019ann\u00e9e sont propos\u00e9s aux mamans qui le souhaitent pour pr\u00e9parer le go\u00fbter pour les enfants ou d\u00e9couvrir les sp\u00e9cialit\u00e9s culinaires des unes et des autres. Ces moments \u00e0 part permettent de faire connaissance, d\u00e9couvrir les richesses culturelles des unes et des autres, \u00e9changer sur le quotidien et approfondir les connaissances en fran\u00e7ais ou langues \u00e9trang\u00e8res.&nbsp;<\/p>\n","protected":false},"excerpt":{"rendered":"<p>Resp\u00e9rance 54 est une association socio-culturelle de VANDOEUVRE-L\u00c8S-NANCY \u00e0 but non lucratif qui accompagne des enfants et des jeunes, habitant dans des quartiers sensibles, dans leur d\u00e9veloppement intellectuel, physique et [&hellip;]<\/p>\n","protected":false},"author":1,"featured_media":423,"parent":0,"menu_order":0,"comment_status":"closed","ping_status":"open","template":"page-templates\/template-shop.php","meta":[],"_links":{"self":[{"href":"https:\/\/resperance.fr\/index.php\/wp-json\/wp\/v2\/pages\/2"}],"collection":[{"href":"https:\/\/resperance.fr\/index.php\/wp-json\/wp\/v2\/pages"}],"about":[{"href":"https:\/\/resperance.fr\/index.php\/wp-json\/wp\/v2\/types\/page"}],"author":[{"embeddable":true,"href":"https:\/\/resperance.fr\/index.php\/wp-json\/wp\/v2\/users\/1"}],"replies":[{"embeddable":true,"href":"https:\/\/resperance.fr\/index.php\/wp-json\/wp\/v2\/comments?post=2"}],"version-history":[{"count":6,"href":"https:\/\/resperance.fr\/index.php\/wp-json\/wp\/v2\/pages\/2\/revisions"}],"predecessor-version":[{"id":565,"href":"https:\/\/resperance.fr\/index.php\/wp-json\/wp\/v2\/pages\/2\/revisions\/565"}],"wp:featuredmedia":[{"embeddable":true,"href":"https:\/\/resperance.fr\/index.php\/wp-json\/wp\/v2\/media\/423"}],"wp:attachment":[{"href":"https:\/\/resperance.fr\/index.php\/wp-json\/wp\/v2\/media?parent=2"}],"curies":[{"name":"wp","href":"https:\/\/api.w.org\/{rel}","templated":true}]}}